et d = z + f. What is the units digit of d?
2
Suppose -2*f + 3 + 89 = 4*m, -m = 2*f - 83. Suppose -5*v - f = -5. Let z = v + 46. What is the tens digit of z?
3
Let r be 0 - 0/((-1)/(-1)). Suppose -4*f - 5*n = 27, f - 2*n + 5 = -5. Let m = r - f. What is the units digit of m?
8
Let v = 1698 + -968. What is the tens digit of v?
3
Let o = 17 + -4. Let z = -4 + o. What is the units digit of 267/z - 1/(-3)?
0
What is the hundreds digit of 6/(-4)*15840/(-108)?
2
Suppose -6 + 10 = 2*z. What is the tens digit of -3 + 32 + -3 + z + 0?
2
Let u(b) = -2*b + 19. Let i be u(-6). Suppose -x - 5*a = -4*x + i, a = x - 7. What is the units digit of x?
2
Suppose 21*v = 27*v - 2856. What is the tens digit of v?
7
What is the units digit of (8 + (-630)/(-12))/((-1)/(-6))?
3
Let u = 17 - 2. Suppose -3*g + u = 0, g - 385 = -5*b - 2*g. What is the tens digit of b?
7
Suppose g + 4*g = 2*z + 12, -5*g + 32 = 3*z. What is the units digit of (2/(-1))/(z/(-6))?
3
Suppose 130 = -2*l + 138. Let k(c) = 35*c. Let y be k(2). What is the tens digit of (-9)/(-6) + y/l?
1
Let w = 77 - 0. What is the tens digit of w?
7
Let b(t) = 0*t + 7 - 4*t - 8 + 19. Let u = -37 + 31. What is the tens digit of b(u)?
4
Let n be 10/(-65) - 67/(-13). Suppose -4 = -n*b + 146. What is the tens digit of b/(-20)*188/(-6)?
4
Suppose -1 = -5*k + 59. Suppose -k = -5*t + t. Suppose n + 20 = t*n. What is the units digit of n?
0
Let u(i) = -11*i**3 - 3*i**2 + 4*i + 7. What is the tens digit of u(-2)?
7
Suppose -1392 = -4*u - 2*l, -5*u + 3*l + 355 = -4*u. What is the units digit of u?
9
Let g(n) = 7*n - 7. Let t be (-1 + 0)*2 - -44. Suppose -t = -5*p - 12. What is the units digit of g(p)?
5
What is the units digit of -2 - (-133 + 2) - (5 + -6)?
0
Let h = 4119 + -2831. What is the hundreds digit of h?
2
Let m(b) = 3*b**3 + b**2 - 3*b + 2. Let u be m(1). What is the units digit of 5 - (u + -9)/(-2)?
2
Let t be (16/12)/(6/9). Suppose -s - t*l - 4 = 0, -4*s + l + 2 = -9*s. Suppose 5*y + j = 4*y + 23, -3*y + 3*j + 99 = s. What is the tens digit of y?
2
Let m be (-4)/(-14)*(6 - -1). Suppose -10 + 2 = -m*j. Suppose 3*x = 4*s + x - 204, s = j*x + 51. What is the units digit of s?
1
Let j(x) = 4*x**2 + 3*x - 6. Let i = -8 + 3. Let t be i/15*0 - -4. What is the tens digit of j(t)?
7
Let z be (-6)/(-4)*(-80)/(-24). Suppose -5*l + 4 = -3*q, 5*l - q = z + 3. What is the units digit of (-3)/6*(-4 + l)?
1
Suppose -4*q - 360 = -14*q. Let l = -2 + 7. Suppose -q = -3*j - n, -l*j + n + 24 = -3*j. What is the tens digit of j?
1
Suppose -y + x - 107 = -1980, 0 = -3*y + x + 5611. Suppose -245 = -7*p + y. What is the units digit of p?
2
Let q = 547 - 265. What is the hundreds digit of q?
2
Suppose m + 192 - 836 = 5*w, 3*w = 3. What is the units digit of m?
9
Let c = -7 - -7. Suppose 0 = 3*r - 5*m - 429, c*r + m + 441 = 3*r. What is the hundreds digit of r?
1
Let t(p) = p**3 - 21*p**2 + 46*p - 11. What is the hundreds digit of t(21)?
9
What is the hundreds digit of ((-2)/(-8))/(53/156668)?
7
Let y(a) = a**3 + 12*a**2 + 19*a - 8. Let v be y(-10). Suppose 29 + 91 = i + 5*q, 321 = 3*i + v*q. What is the hundreds digit of i?
1
Suppose -b + v = -4*v - 23, -2*b - 2*v + 22 = 0. Suppose -5*m = 2*c + 2, -2*m + 4*c - 2*c = 12. What is the units digit of m/(-4)*26/b?
1
What is the hundreds digit of (-339)/21*(-4 - 3)?
1
Let i be 20/(-12)*((-3 - 3) + 3). Suppose 5 = 5*f, 0 = -2*o + 5*o - i*f - 391. What is the units digit of o?
2
Suppose -61*q + 243190 + 7459 = 0. What is the tens digit of q?
0
Suppose 4*w + h - 1005 = 0, 4*h - 93 - 162 = -w. What is the hundreds digit of w?
2
Suppose -4*p = -5*m - 40 + 9, 2*m = -2*p + 38. Suppose -4*y + p = -2. What is the units digit of y?
4
Let o(l) be the second derivative of -l**5/20 + 7*l**4/12 + l**3/6 - 3*l**2 - 11*l. What is the tens digit of o(3)?
3
What is the hundreds digit of (1001 - -6) + 1*-4 - -4?
0
Let q(h) = h**2 - 15*h + 55. Let w be q(12). What is the units digit of -18*(-2 - 6) - (w - 19)?
4
Let h(l) = l**3 - 8*l**2 - 12*l + 8. Let c be h(10). Suppose -r + 4*p = -22, -c = -2*r - 2*r - p. Let g = r - -15. What is the tens digit of g?
3
Suppose -6*g = 3*s - 4824, -5*s = -4*g - 11714 + 3618. What is the tens digit of s?
1
Let h = -136 + 139. Suppose 2*r + 182 = h*r. What is the tens digit of r?
8
Let u(b) = -3*b**2 + 6*b + 1. Let z be u(2). Let s be z - (-14 + (-2)/(-2)). What is the tens digit of 872/s - 42/147?
6
Let g(y) = -y - 6. Let k be g(-14). Suppose 3*p = -4 - k. Let i(r) = -12*r - 6. What is the units digit of i(p)?
2
What is the hundreds digit of 21*5*(-350)/(-70)?
5
Let n(h) = h**3 + 2*h**2 - 7*h - 4. Let l be (-247)/78 + 2/12. Let t be n(l). Suppose -4*w - 3*d = -t*d - 75, 4*d + 12 = 0. What is the tens digit of w?
1
Let q = 127 - -970. What is the tens digit of q?
9
Let b = 28 + 723. What is the units digit of b?
1
Let w be 90 - 3/(-2)*(-10)/5. Let t = w + -35. What is the units digit of t?
2
What is the thousands digit of (15104/(-192))/(4/(-69))?
1
Let r(c) = -c**3 + 29*c**2 - 50*c + 78. What is the hundreds digit of r(25)?
3
Let j = 116 - 118. What is the tens digit of -1 + 0 + (199 - (j - -10))?
9
Let k = -15 + 17. Suppose 6*v - k - 34 = 0. Suppose -28 = -3*d + p + v, 0 = -4*d - 5*p + 20. What is the units digit of d?
0
Suppose -1863 - 2302 = -7*q. What is the tens digit of q?
9
Let z(j) = -j**2 - 10*j + 1. Let w be 0 + 6 + -3 - 2. Let p be 2/(-4)*w*18. What is the units digit of z(p)?
0
Suppose -5*b = -2*b + 3*o - 78, -4*b - 3*o + 99 = 0. Let u be 44/7 - 6/b. What is the units digit of (9 - u) + -2 + 21?
2
Suppose 0 = 5*a + 3*w - 103, 0 = 5*a - a + 4*w - 76. Suppose -2*l = a - 83. What is the tens digit of l?
3
Let d(n) = -5*n**3 - 8*n**2 + 13*n - 21. Let t(j) = j**3 - j + 1. Let s(g) = -d(g) - 4*t(g). What is the units digit of s(-8)?
9
Suppose 3*u - 28 = -2*j, u + 3*j - 15 = -1. Let s = 8 - u. Suppose 0 = 2*y - s*y - 72. What is the tens digit of y?
3
Suppose w = -r - r + 228, r - 441 = -2*w. What is the hundreds digit of w?
2
Let z(j) = -23*j - 149. What is the hundreds digit of z(-33)?
6
Let x(u) = -u**3 - u**2 + u + 1. Let l(a) = -5*a**3 - 24*a**2 - 16*a - 25. Let d(j) = -l(j) + 6*x(j). What is the tens digit of d(19)?
8
Suppose 4419 = 20*i - 3841. What is the hundreds digit of i?
4
Let j(b) = b**2 + 4*b - 2. Let p be j(-5). Suppose 2*l - p = 1. Suppose 26 = l*h + 8. What is the units digit of h?
9
Suppose 7*z + 402 = 5*c + 3*z, 0 = -2*c + 5*z + 154. What is the units digit of c?
2
Let b be -1*10/15*-12. Suppose j = -2*w + 6, -2*w + 3*j = -0*w - 22. Suppose w*u - u = b. What is the units digit of u?
2
Let j(d) = -d**3 - 12*d**2 - 24*d + 71. What is the units digit of j(-22)?
9
Suppose 4*j + 3*c - 7854 = c, -3*j = 3*c - 5889. What is the thousands digit of j?
1
What is the tens digit of (-2 - 7)*131248/(-312)?
8
Let r be (-2)/10 + (-228)/60. Let w be r/18 + (-7464)/(-54). Suppose -27*j + w = -24*j. What is the tens digit of j?
4
Let a(r) = -15*r + 14. Let i be a(5). Let u = i + 119. What is the tens digit of u?
5
Suppose 4 = l + o, 2*l - 14 = -o - 5. Suppose -l*i - 2*r + 190 = -438, -2*i + 4*r + 232 = 0. What is the units digit of i?
4
Let h(d) = 36*d - 197. What is the tens digit of h(41)?
7
Suppose y = 0, 3*y - 128 = n - 3*n. Let u = 4 + n. What is the tens digit of u?
6
What is the hundreds digit of -4 + ((6 - 3) + -514)/(-1)?
5
Suppose 0 = -167*b + 161*b + 15420. What is the units digit of b?
0
Suppose -27*t = 55*t - 121032. What is the thousands digit of t?
1
Suppose 5*w = -4*g + 3*g + 6, -w - 3*g = 10. Suppose -3*h = -w*p - 37 - 51, 5*h = -p + 164. Suppose -6*l + 100 = -h. What is the units digit of l?
2
Let b(f) = 2*f**2 - 11*f + 35. Let l be b(7). What is the units digit of 32/l + (-1056)/(-14) - -4?
0
Let l(d) = -11*d - 4. Let b(c) = -2*c**2 + c + 3. Let k = 11 + -9. Let r be b(k). What is the tens digit of l(r)?
2
What is the hundreds digit of (-6)/15 + 49868/70?
7
Let o = -10 - -6. Let c(p) = -p**2 - 8*p - 5. Let u be c(o). Suppose -2*b + 3*t + u + 14 = 0, -t + 15 = b. What is the tens digit of b?
1
Let t = 74 + -28. Suppose -3*l + 509 + t = 0. What is the hundreds digit of l?
1
Suppose 0 = -6*a + 11*a - 2440. Let j = a - 343. What is the units digit of j?
5
Let p be (-4 - -39)*(-30)/(-21). Let w be (p/(-8))/((-16)/128). Suppose 3*r - w = -2*r. What is th